s divided by ((-1)/z)/(1/(-32)).
13
Let b be (0 - (2 + -3)) + 3. Suppose 13 = 5*s - b*s. Let z = 56 + -7. What is the remainder when z is divided by s?
10
Let w(s) = -2*s**3 + 17*s**2 - 4*s - 2. What is the remainder when w(8) is divided by 9?
3
Let h = 32 + -17. Suppose -5 + h = 5*f. Let v(d) = -d**3 + 3*d**2 + 5*d - 1. What is the remainder when v(4) is divided by f?
1
Let m(p) be the third derivative of 1/120*p**6 - 1/60*p**5 + 5/3*p**3 + 2*p**2 + 0*p - 1/24*p**4 + 0. What is the remainder when m(0) is divided by 6?
4
Suppose 6 = b + 2. Suppose -11 = -5*l - 2*z, -2*l = -2*z - 0*z + b. Suppose l = -o + 8. Calculate the remainder when 12 is divided by o.
5
Let h be (54/4)/(-3)*2. Let z = h + 20. What is the remainder when 31 is divided by z?
9
Let j(o) = -10*o - 1. Let z be j(-3). Let s = 46 - z. Calculate the remainder when 66 is divided by s.
15
Suppose 3*i + 4*t - 6 = 5*t, -i + 5*t + 2 = 0. Suppose o - 33 = -i*o. What is the remainder when o is divided by 4?
3
Let a = 56 - 32. Let u = 85 + -14. What is the remainder when u is divided by a?
23
Let t(i) = i**3 + 7*i**2 + 5*i + 2. Let k(d) = -d**3 + 7*d**2 - 4*d - 7. Calculate the remainder when k(5) is divided by t(-6).
7
Let t(i) = 4*i**2 - 5*i - 4. Let k be t(4). Let b = k + -16. What is the remainder when b is divided by 13?
11
Let z(l) = -1 + 2*l**2 - 6*l - 6 - l**2 + l. What is the remainder when 20 is divided by z(7)?
6
Let p be (6/8)/(3/24). Suppose -3*h - 5*y + 45 + 1 = 0, -2*h = -4*y + p. What is the remainder when h is divided by 4?
3
Suppose 11 = 3*x + 2. Suppose 5*g = -2*w + 41, -4*w + 0*w + 12 = 0. Calculate the remainder when g is divided by x.
1
Suppose 7*q - 4*q - 75 = 0. Calculate the remainder when 49 is divided by q.
24
Suppose -3*j - 14 = -q - 7, -j + 3 = 5*q. Let p(i) = i**3 - 2*i**2 + 3*i - 1. Calculate the remainder when 1/(q/28*2) is divided by p(2).
4
Let h(o) be the third derivative of o**5/60 + o**4/12 - 13*o**3/6 + 9*o**2. What is the remainder when 19 is divided by h(-6)?
8
Let h(b) = -3*b**3 - 14*b**2 - 11*b + 6. Calculate the remainder when h(-5) is divided by 15.
11
Let p(w) = w**3 + w**2 + w + 2. Let k be p(0). Suppose 20 = k*q + 3*q. Suppose 13 = d + q. Calculate the remainder when 25 is divided by d.
7
Let f be 6*(-3 - 30/(-9)). Calculate the remainder when f/5 - (-336)/10 is divided by 12.
10
Let n(o) = o**3 - 5*o**2 - 9*o - 1. Suppose 2*j - 11 = 25. Calculate the remainder when n(7) is divided by j.
16
Let n = 1 + 9. Suppose 3*g + 28 = n. Let o = g + 10. What is the remainder when 11 is divided by o?
3
Suppose -21 + 3 = -3*j. Calculate the remainder when 16 is divided by j.
4
Suppose -2*g - 202 = -4*d, 0 = -3*d - 0*d + g + 149. Calculate the remainder when 56 is divided by d/(2 - -2) - -3.
11
Let t(f) = f**2 - 18*f + 10. What is the remainder when t(18) is divided by 6?
4
What is the remainder when -2 + -1*(-44 + -3) is divided by 12?
9
Let l be 61/4 + 5/(-20). Let g = l + -6. Suppose 4*r + 14 - 82 = 0. What is the remainder when r is divided by g?
8
Let z(w) = 4*w + 3. Let t(r) = -5*r - 3. Let f(n) = 3*t(n) + 4*z(n). Calculate the remainder when 34 is divided by f(6).
7
Let u be (3/(-2))/3*0. Let t(v) be the third derivative of v**5/60 - v**4/24 + 7*v**3/6 + 17*v**2. Calculate the remainder when t(u) is divided by 4.
3
Suppose -3*m - 2*k - 7 = 0, m - 2*k - 11 = -0*m. Let o(y) = 15*y**2 + 1. What is the remainder when 46 is divided by o(m)?
14
Let q(z) = 19*z**2 - 1. Let a be q(1). Let u be (a/5)/(4/20). Suppose 63 = 3*x + u. Calculate the remainder when 28 is divided by x.
13
Let k(i) = 3*i - 7. What is the remainder when k(8) is divided by 9?
8
Suppose 0 = -x - 5*y - 6 - 3, y = 3*x + 43. What is the remainder when 4/x + (-1324)/(-28) is divided by 12?
11
Let w be 0 - 1 - 3*-5. Suppose 3*s - s = w. Suppose 5*b = 3*g + 13, -2*g + 5*b = 9 + 8. What is the remainder when s is divided by g?
3
Let k = 20 - 2. Calculate the remainder when k is divided by ((-1)/(-3))/((-4)/(-84)).
4
Let l = -48 + 68. What is the remainder when 18 is divided by (-184)/(-18) + l/(-90)?
8
Let l be 2*(-1 - 9/(-6)). Suppose -l = -z + 6. What is the remainder when z is divided by 3?
1
Suppose -3*v + 27 = -33. What is the remainder when v is divided by 12?
8
Let a(x) = 2*x**2 - 3*x - 6. Suppose 0 = -4*z + 2*z - 10. What is the remainder when a(z) is divided by 20?
19
Let w = 75 - 45. Let j = -1 + w. What is the remainder when j is divided by 10?
9
What is the remainder when 2312/32 + 3/4 is divided by 19?
16
Suppose 3*y + 79 = 190. Calculate the remainder when y is divided by ((-80)/30)/((-2)/15).
17
Let l(j) = j**2 + 4*j - 6. Let p(b) = b**2 - 10*b - 16. What is the remainder when p(13) is divided by l(-6)?
5
Suppose t + 0 = -18. Let v be t/(-2) + (2 - 4). Let l = v - -1. Calculate the remainder when 22 is divided by l.
6
Let i(l) = -l**2 - 10*l - 11. Let m be i(-8). Suppose -5*c + 50 = m. Calculate the remainder when 34 is divided by c.
7
Let x(y) = -y**3 + 5*y**2 - 4*y + 1. Let o be x(4). Suppose 0*i - 5*i - 50 = 0. Let f = o - i. Calculate the remainder when 21 is divided by f.
10
Let b = 2 - 0. Let o(d) = -d**3 + 3*d**2 - 2*d + 3. Calculate the remainder when o(b) is divided by 2.
1
Suppose 15 + 10 = 5*v. Calculate the remainder when v is divided by (-2)/(-1) + -6 + 6.
1
Let q = -13 + 39. Let k = 20 + -17. Suppose -k*u + 3*m + 243 = 0, 4*m = -0*u - 2*u + 138. What is the remainder when u is divided by q?
25
Let l(m) = -m**3 - 5*m**2 - 8*m + 11. What is the remainder when l(-5) is divided by 14?
9
Calculate the remainder when 17 is divided by 1*3 - (4 + -3 + -3).
2
Suppose -5*w = -3*i + i + 42, -3*w + 2*i = 26. What is the remainder when ((-156)/(-16))/((-3)/w) is divided by 9?
8
Suppose 19*q = 17*q + 38. Let h(x) = 7*x**3 - x**2 + 2*x - 1. What is the remainder when h(2) is divided by q?
17
Let g = 28 + -17. Let z = -3 + 9. Suppose -3*p - z = x + 5, -p - 17 = -3*x. What is the remainder when g is divided by x?
3
Suppose 5*i - 3 - 12 = 0. Suppose 15 = 4*o + i. Suppose -q + o = m - 9, -q + 2*m = -15. Calculate the remainder when q is divided by 5.
3
Suppose k + h - 36 = 0, 2*h + h = 4*k - 144. Suppose 0 = 4*j - 0*j - k. What is the remainder when 15 is divided by j?
6
Suppose 2*y + 110 = -3*y. Suppose -4*a - 2*g - 60 = 0, 3*a = -g - 2*g - 48. Let c = a - y. What is the remainder when 30 is divided by c?
6
Let d = -33 - -61. Suppose -9*v + 30 = -87. Let a = d - v. What is the remainder when a is divided by 8?
7
Let x = -23 + 37. Calculate the remainder when x is divided by 8.
6
Let u(v) = v**3 - 2*v**2 - 3*v + 3. Let w = 4 - 1. Let b be u(w). Suppose 0 = -b*t - 0*t + 78. What is the remainder when t is divided by 9?
8
Suppose 371 = 4*s + 155. Calculate the remainder when 161 is divided by s.
53
Let n(d) = d**3 + 4*d**2 - 7*d - 3. Let u be n(-5). Suppose -u*x + 230 = -2*x. What is the remainder when x is divided by 12?
10
Calculate the remainder when 64 is divided by (-24)/(-10) - (-14)/(-35) - -4.
4
Let q(f) = f**3 + 11*f**2 + 24*f + 2. What is the remainder when 38 is divided by q(-7)?
8
Let r = 87 - 83. What is the remainder when r is divided by 4?
0
Let y = -1 - -15. Calculate the remainder when 26 is divided by y.
12
Let l(g) = -g + 20. What is the remainder when l(0) is divided by 3?
2
Let h = 2 + 26. Calculate the remainder when h is divided by 15.
13
Suppose 20 = -4*m - 0, 24 = 3*i + 3*m. Let y be ((-46)/(-8))/(1/4). Let s = y - i. Calculate the remainder when s is divided by 6.
4
Suppose 14*j - 17*j = -204. What is the remainder when j is divided by 14?
12
Suppose 0 = -3*q - 0*q + 60. Let r(g) = g**2 - 3*g - 7. Calculate the remainder when q is divided by r(6).
9
Suppose 3*t - f - 2*f + 3 = 0, -8 = 4*t - 2*f. Let s(c) = c**3 + 3*c**2 + 3. Calculate the remainder when (-11 + -3)*(-2)/4 is divided by s(t).
1
Let o = 6 + -3. Let z(a) = a**3 - 5*a**2 + 5*a. Let k be 6/(2 + 1) - -2. Calculate the remainder when z(k) is divided by o.
1
Suppose 0 = z + 2*p + 2, 0*p - 4*p + 2 = -z. Let x be 0 - -4*(z - -1). What is the remainder when (-65)/x - (-2)/(-8) is divided by 6?
4
Let g(i) = -5*i - 4. Let b be g(3). Let m = -3 - b. Suppose m + 2 = 2*z. Calculate the remainder when z is divided by 5.
4
Suppose 0*z + 294 = -3*z. Let f = z + 144. What is the remainder when f is divided by 